
Suppose 3*h - 152 - 136 = -5*j, -3*j + 5*h + 200 = 0. Let s = j + -12. What is the greatest common divisor of s and 6?
6
Let n be (-17192)/21*(-6)/(-2). Let h be 4/14 + n/(-28). Suppose h = 4*v - 0. What is the greatest common factor of v and 55?
11
Let h be -1*1 - (-8 - -3). Let w be 4 + (-6 - -4) + 0. What is the greatest common divisor of w and h?
2
Let k be 20*(4 + (-6)/2). What is the highest common divisor of 60 and k?
20
Suppose 0 = -0*z - z - 2*x + 21, z + 5*x = 24. Suppose 0 = -5*a + 1 + z. Calculate the greatest common factor of a and 28.
4
Let d be (-2)/(-8) + (-175)/(-20). Calculate the highest common factor of 99 and d.
9
Suppose 5*b - 41 = 39. What is the greatest common divisor of b and 40?
8
Let f = -113 + -215. Let w be f/16 + (-6)/4. Let g = w - -42. Calculate the highest common factor of 5 and g.
5
Suppose 3*v = 5*b - 137, 0 = 4*b - 6*b + 2*v + 54. Calculate the highest common factor of b and 4.
4
Let b(y) = -y**2 - 2*y + 1. Let v be b(-4). Let p be v/28 + (-18)/(-8). Suppose -p*x = x - 24. Calculate the greatest common divisor of 12 and x.
4
Let j = 175 + -172. Calculate the highest common factor of j and 5.
1
Let x(t) = -19*t + 2. Let u be x(-8). Let k be (-4)/(-10) + u/(-10). Let y be (-1)/2*(k + -1). Calculate the highest common divisor of y and 64.
8
Let l(v) = -7*v - 89. Let z(y) = 13*y + 179. Let x(o) = 11*l(o) + 6*z(o). Let m be x(0). What is the greatest common divisor of 19 and m?
19
Suppose h + 11 = 2*k, -5*k + 5*h = 2*h - 30. Let u(w) = 10*w - 38. Let f be u(5). Calculate the greatest common factor of f and k.
3
Suppose -2*d + 27 = -3*w, -4*d - 3*w + 65 = 2*w. What is the highest common factor of 10 and d?
5
Let x be (-1 + -2 - -3)/1. Suppose -z + 0*z + 1 = 0, x = 3*q - 2*z - 55. What is the highest common factor of q and 76?
19
Let m(r) = 9*r**2 + r + 2. Let j be m(-2). Suppose -4*a - 10 = s, 4*s + 2*a = 5*a + j. What is the highest common divisor of 30 and s?
6
Suppose 3*l + 5*u - 204 = 0, u + 3 - 207 = -3*l. Suppose 0 = -3*p - s + 56, -2*p - 5 = -s - 34. What is the greatest common factor of p and l?
17
Let v = -105 + 169. What is the greatest common factor of v and 16?
16
Let g(w) = 2*w**2 - 7*w - 7. Let q be g(6). Let m = q - 12. Suppose -2*x + 31 - 9 = 0. Calculate the greatest common divisor of m and x.
11
Suppose -5*j = -2*j - 99. Let t(l) = -2*l**2 + 5*l + 9. Let w be t(5). Let c = j + w. What is the greatest common divisor of 187 and c?
17
Suppose 4*b = 2 - 6. Let h be (b - (-2 + 0))*2. Suppose 6*j = h*j + 476. What is the highest common factor of j and 17?
17
Let a = 13 + 67. Calculate the highest common factor of 10 and a.
10
Let o = -2 - -9. Suppose -4*z - o + 27 = 0. Suppose 3*x = 2*b - z*b + 57, b - x = 9. What is the highest common factor of 126 and b?
14
Let v = -19 - -30. What is the highest common divisor of 121 and v?
11
Let j(r) = -r**2 + 4*r + 2. Let l be j(3). Let g be (-2416)/(-10) - (-2)/l. Calculate the highest common factor of 22 and g.
22
Let d(r) = -r**2 - 8*r + 12. Let a be d(5). Let c be (-94)/(-3) + 1/(-3). Let t = c - a. Calculate the highest common divisor of t and 12.
12
Suppose -2*w = -6*w - 2*j + 70, 2*j = 5*w - 110. What is the greatest common factor of 2 and w?
2
Let w be 5 + -1 + -2 - 0. Suppose w*m - 4*m + 3*i = -1, -2*i = -5*m + 30. Let k be 4 - (-15 - -3)/1. What is the greatest common divisor of k and m?
8
Let f be (2/(8/30))/((-75)/(-100)). Calculate the highest common divisor of 30 and f.
10
Let o(m) = 3*m**2 + m + 1. Let x be o(-1). Suppose -x*p - 44 = -125. Let y be 18 - 0*(-1 - 0). What is the greatest common divisor of y and p?
9
Let d be (-1072)/(-36) + (-6)/(-27). What is the highest common divisor of d and 20?
10
Suppose 0 = 4*s + u - 54 - 71, -2*s - 5*u + 85 = 0. Let g = -10 - -40. What is the highest common divisor of s and g?
30
Suppose 5 = 4*x - 15. Let t(o) = -2*o + 19. Let s be t(7). Suppose -4*f - s*y = -0*f - 100, 2*f = x*y + 20. What is the highest common factor of 4 and f?
4
Let p be (-1*2 - 0)*-4. Let t = 6 - 4. Suppose -t*c + 60 = c. What is the highest common factor of c and p?
4
Let m = 27 - -8. Calculate the highest common factor of m and 14.
7
Let q be 85/(-3)*(-3 + 6). Let i = -13 - q. What is the highest common factor of 8 and i?
8
Let k = 27 + -15. Let u = -2 - -1. Let c be (u - -5)/((-1)/(-24)). What is the greatest common factor of c and k?
12
Let h(i) = 3*i + 4. Let y be h(5). Suppose -3*v + y = 7. Suppose 0 = -5*k + v*k + 6. Calculate the greatest common divisor of k and 42.
6
Let f(z) = 2*z**3 - 12*z**2 - 8*z. Let m be f(7). What is the greatest common divisor of 18 and m?
6
Suppose 3*o - 3*s = 12, -5*o - 3*s + 11 = -1. Let b(u) = 10*u**2 + u + 5. Let h be b(o). Calculate the greatest common factor of h and 14.
14
Suppose 2*l + a - 34 = -l, 3*l = -3*a + 42. Calculate the highest common divisor of l and 110.
10
Let j be (-499)/5 - (-8)/(-40). Let b be (156/(-10))/(30/j). What is the greatest common factor of 13 and b?
13
Let b be (-14)/35 + (-124)/(-10). Suppose 0*j - 36 = -3*j. Calculate the greatest common factor of b and j.
12
Let a(c) = c**2 - 5*c - 5. Let f be a(-2). Let u(z) = -z + 5. Let r be u(4). Calculate the highest common factor of f and r.
1
Let u(q) = -q**3 + 9*q**2 - 6*q + 12. Let p be u(8). Let o = -15 + 21. Suppose 0 = 5*c - o*c + 14. What is the greatest common divisor of p and c?
14
Suppose 2*p - 6 = 0, -2*w - 5 = -4*p - 1. Suppose 0 = -r - k + 4 + 5, 2*r - w*k = -12. Calculate the highest common divisor of r and 12.
4
Let t = 53 - 27. What is the highest common factor of 65 and t?
13
Let k(l) = l + 17. Let y be k(-7). Let v = 108 - 38. Calculate the greatest common divisor of v and y.
10
Suppose b = 5*b. Suppose 0 = -5*q + 4*d + 80, b = -3*q + 3*d + 38 + 7. What is the highest common factor of q and 10?
10
Suppose -465 = -3*h + 63. Let k = h + -64. Calculate the highest common divisor of k and 16.
16
Let x be ((-9)/4)/(270/96 - 3). Let d = -4 - -8. Calculate the highest common divisor of x and d.
4
Let u(l) = 8*l - 3. Let v be u(1). What is the highest common factor of 45 and v?
5
Let l be (16/5)/(4/(-40)). Let s be (l/(-6))/(-4)*-18. What is the highest common divisor of s and 16?
8
Let x(k) be the first derivative of -k**4/4 + 3*k**3 + 3*k + 3. Let w be x(9). What is the highest common factor of w and 21?
3
Let v(l) = 17*l + 4. Let h be v(4). What is the greatest common divisor of 8 and h?
8
Let k(i) = -i**3 + 9*i**2 + 14*i - 15. Let r be k(10). Calculate the highest common divisor of r and 5.
5
Let t(y) = 2*y**2 + 3*y - 5. Let a be t(-5). Let l be 2/10 + (-99)/(-5). Calculate the highest common divisor of l and a.
10
Suppose -4*d + 413 = 29. Suppose d = p - 0*p. Let j = 20 + -8. What is the highest common factor of p and j?
12
Let s be ((-5)/10)/(1/(-98)). Suppose 0*j + 81 = -2*j - 5*t, 4*j = -3*t - 127. Let l = j + s. What is the highest common divisor of 3 and l?
3
Suppose 6*y - 10 = y. Let j be y/(-6) + 2/6. Suppose j*g + 4*g = 264. What is the highest common factor of g and 6?
6
Let l be ((-24)/60)/((-2)/10). What is the highest common divisor of l and 5?
1
Suppose -4*y + 336 = 2*q, 5*y + q = 6*q + 435. What is the highest common factor of 34 and y?
17
Let k = 127 - 86. Let m = k + 22. What is the greatest common divisor of 21 and m?
21
Let a(h) = 84*h - 9*h - 3 + 43*h. Let b be a(5). Suppose 0 = -5*w + 2*p + b, -2*w = -0*w - 3*p - 237. Calculate the highest common divisor of 13 and w.
13
Let a(l) = -4*l - 5. Let z(r) = -3*r - 6. Let c(y) = -2*a(y) + 3*z(y). Let v be c(-6). Let i be (0/v)/2 + 6. What is the highest common factor of 66 and i?
6
Let l(c) = -9*c - 37. Let z be l(-5). Calculate the highest common divisor of z and 32.
8
Let j(w) = w**2 - 6*w - 1. Let i be j(7). Suppose -64 = -d - 4*b, -5*d + b = -10*d + 244. Calculate the highest common factor of i and d.
6
Suppose -4*o - 5*m + 44 = 0, -m - 44 = -4*o + 2*m. What is the highest common divisor of 33 and o?
11
Let d be 1 + 57 + -5 + 3. What is the greatest common factor of 8 and d?
8
Suppose -h - 46 = -4*z, 0 = 4*z - z - 2*h - 32. Let o(x) = x**2 - 11*x - 6. Let m be o(z). Calculate the greatest common divisor of 30 and m.
6
Let m(v) = -3*v**2 - 2. Let y be m(-2). Let q be 32/y - 2/(-7). Let d = 34 + q. Calculate the greatest common divisor of d a